ase 9?
21
Convert 3 (base 12) to base 7.
3
15 (base 10) to base 7
21
0 (base 6) to base 7
0
What is 10 (base 6) in base 9?
6
What is -22 (base 11) in base 14?
-1a
What is -2 (base 4) in base 16?
-2
Convert 5 (base 16) to base 8.
5
-5 (base 16) to base 9
-5
What is 3 (base 10) in base 7?
3
What is -20 (base 9) in base 11?
-17
-10000010 (base 2) to base 6
-334
-1 (base 6) to base 7
-1
-11 (base 2) to base 9
-3
2 (base 6) to base 11
2
What is 4 (base 8) in base 3?
11
What is 22 (base 16) in base 9?
37
2 (base 15) to base 10
2
Convert 32 (base 10) to base 8.
40
What is 21 (base 4) in base 6?
13
What is 0 (base 3) in base 2?
0
Convert -1 (base 2) to base 16.
-1
What is 45 (base 16) in base 11?
63
Convert -6 (base 10) to base 11.
-6
5 (base 15) to base 8
5
Convert -85 (base 15) to base 6.
-325
Convert 21 (base 10) to base 14.
17
-32 (base 9) to base 5
-104
-3 (base 15) to base 13
-3
6 (base 9) to base 6
10
What is -13 (base 8) in base 16?
-b
What is 0 (base 9) in base 14?
0
What is 1111 (base 2) in base 15?
10
Convert -35 (base 14) to base 16.
-2f
Convert 3 (base 4) to base 7.
3
What is 1b (base 12) in base 2?
10111
Convert -91 (base 10) to base 8.
-133
Convert -4 (base 10) to base 12.
-4
21 (base 9) to base 16
13
2 (base 13) to base 16
2
What is 0 (base 14) in base 10?
0
1 (base 2) to base 12
1
What is 1 (base 6) in base 14?
1
0 (base 2) to base 8
0
1 (base 9) to base 2
1
What is -24 (base 5) in base 11?
-13
532 (base 8) to base 2
101011010
Convert -3 (base 16) to base 2.
-11
What is -20 (base 5) in base 12?
-a
Convert -1 (base 4) to base 11.
-1
5 (base 14) to base 12
5
Convert -11100 (base 2) to base 9.
-31
Convert -4 (base 13) to base 15.
-4
-22 (base 3) to base 2
-1000
What is 1101 (base 2) in base 10?
13
-111100 (base 2) to base 10
-60
Convert 27 (base 10) to base 5.
102
Convert 10 (base 2) to base 10.
2
Convert -11111 (base 2) to base 3.
-1011
Convert -6 (base 15) to base 4.
-12
17 (base 15) to base 4
112
-1001001 (base 2) to base 10
-73
145 (base 9) to base 7
233
What is -6 (base 16) in base 3?
-20
What is -1 (base 14) in base 9?
-1
-e (base 16) to base 8
-16
What is -140 (base 5) in base 9?
-50
What is 10000001 (base 2) in base 12?
a9
Convert 3e (base 15) to base 14.
43
19 (base 14) to base 13
1a
17 (base 14) to base 4
111
12 (base 6) to base 7
11
-27 (base 10) to base 16
-1b
What is 0 (base 6) in base 5?
0
What is -5 (base 7) in base 13?
-5
-2 (base 9) to base 11
-2
What is a (base 11) in base 14?
a
2 (base 11) to base 9
2
Convert 12 (base 12) to base 3.
112
What is -2c (base 16) in base 2?
-101100
Convert 0 (base 9) to base 10.
0
Convert 1c (base 15) to base 5.
102
What is 111 (base 2) in base 11?
7
Convert 64 (base 16) to base 12.
84
What is -24 (base 15) in base 5?
-114
-a (base 16) to base 14
-a
What is -1110 (base 2) in base 3?
-112
What is 3 (base 7) in base 14?
3
-10 (base 8) to base 7
-11
What is -2302 (base 4) in base 8?
-262
Convert -54 (base 11) to base 3.
-2012
What is -24 (base 13) in base 6?
-50
What is 112 (base 5) in base 11?
2a
What is 100 (base 3) in base 10?
9
Convert -232 (base 4) to base 16.
-2e
Convert 6 (base 14) to base 3.
20
Convert -450 (base 6) to base 4.
-2232
Convert -14 (base 14) to base 6.
-30
30 (base 4) to base 8
14
What is -40 (base 11) in base 6?
-112
-3 (base 4) to base 8
-3
Convert -4 (base 12) to base 13.
-4
-1 (base 12) to base 11
-1
Convert -4b (base 14) to base 9.
-74
What is 3 (base 14) in base 6?
3
What is -15 (base 16) in base 4?
-111
What is -20 (base 7) in base 15?
-e
Convert -4b (base 14) to base 2.
-1000011
What is 5 (base 16) in base 8?
5
Convert -75 (base 11) to base 10.
-82
Convert -95 (base 10) to base 9.
-115
What is 1204 (base 5) in base 2?
10110011
What is 1 (base 3) in base 6?
1
What is d9 (base 16) in base 15?
e7
What is -53 (base 7) in base 16?
-26
Convert 47 (base 10) to base 6.
115
8 (base 9) to base 11
8
What is -1100 (base 3) in base 15?
-26
1 (base 14) to base 5
1
What is 2 (base 6) in base 11?
2
17b (base 12) to base 10
239
-10 (base 9) to base 3
-100
What is 112 (base 3) in base 7?
20
What is -5a (base 11) in base 14?
-49
What is -a (base 12) in base 5?
-20
Convert -6 (base 15) to base 2.
-110
11 (base 11) to base 10
12
What is 32 (base 6) in base 4?
110
What is 111 (base 3) in base 16?
d
What is 42 (base 6) in base 10?
26
63 (base 7) to base 11
41
What is -3 (base 8) in base 3?
-10
-111 (base 2) to base 13
-7
Convert -12b (base 13) to base 3.
-21122
-3 (base 12) to base 6
-3
45 (base 13) to base 12
49
Convert -1 (base 6) to base 15.
-1
Convert -2213 (base 4) to base 14.
-bd
Convert 119 (base 11) to base 13.
ab
What is 182 (base 11) in base 7?
421
What is -13 (base 12) in base 5?
-30
What is 2 (base 6) in base 2?
10
What is -8 (base 14) in base 9?
-8
Convert 111 (base 2) to base 4.
13
What is -11000011 (base 2) in base 3?
-21020
Convert -152 (base 6) to base 5.
-233
Convert 181 (base 11) to base 12.
156
What is -1002 (base 4) in base 16?
-42
-14 (base 11) to base 14
-11
-21 (base 9) to base 4
-103
Convert f8 (base 16) to base 3.
100012
-100 (base 3) to base 2
-1001
What is 2 (base 3) in base 8?
2
What is 33 (base 9) in base 3?
1010
1221 (base 3) to base 13
40
-b (base 16) to base 8
-13
-3 (base 10) to base 16
-3
-1202 (base 4) to base 10
-98
What is 100 (base 11) in base 9?
144
-d2 (base 14) to base 4
-2320
3 (base 7) to base 4
3
-3 (base 15) to base 16
-3
Convert -3 (base 10) to base 6.
-3
-1b (base 14) to base 15
-1a
Convert 3 (base 5) to base 14.
3
Convert -2 (base 11) to base 16.
-2
What is 132 (base 9) in base 2?
1101110
1001 (base 3) to base 7
40
2 (base 9) to base 16
2
Convert -6 (base 14) to base 13.
-6
What is -5 (base 15) in base 13?
-5
Convert -40 (base 15) to base 11.
-55
32 (base 12) to base 7
53
What is -270 (base 8) in base 14?
-d2
What is 257 (base 10) in base 16?
101
12 (base 12) to base 16
e
Convert b (base 15) to base 8.
13
What is 1 (base 16) in base 14?
1
Convert -1 (base 3) to base 4.
-1
What is -101 (base 2) in base 13?
-5
Convert -13 (base 10) to base 14.
-d
Convert 115 (base 6) to base 2.
101111
What is 21 (base 4) in base 7?
12
24 (base 15) to base 13
28
Convert -6 (base 14) to base 9.
-6
Convert 223 (base 6) to base 7.
153
13 (base 9) to base 3
110
What is 43 (base 5) in base 11?
21
-11 (base 3) to base 7
-4
What is 1 (base 2) in base 9?
1
What is 1 (base 11) in base 12?
1
Convert -20 (base 5) to base 11.
-a
What is 11 (base 2) in base 8?
3
Convert 1 (base 13) to base 4.
1
Convert -110 (base 6) to base 9.
-46
What is -64 (base 9) in base 8?
-72
What is 3 (base 5) in base 11?
3
Convert 8 (base 15) to base 12.
8
16 (base 10) to base 4
100
Convert 15 (base 13) to base 3.
200
What is -1d (base 14) in base 8?
-33
Convert 2a (base 11) to base 13.
26
What is -3 (base 10) in base 3?
-10
Convert -44 (base 7) to base 4.
-200
0 (base 8) to base 11
0
1 (base 13) to base 10
1
8 (base 13) to base 15
8
Convert 10 (base 7) to base 10.
7
Convert 317 (base 8) to base 12.
153
1 (base 6) to base 14
1
What is 138 (base 10) in base 13?
a8
-10 (base 3) to base 5
-3
1303 (base 4) to base 10
115
133 (base 11) to base 7
313
Convert -58 (base 9) to base 8.
-65
a3 (base 13) to base 10
133
Convert -171 (base 10) to base 16.
-ab
2 (base 9) to base 11
2
30 (base 5) to base 7
21
-131 (base 7) to base 5
-241
Convert 8 (base 16) to base 14.
8
-8 (base 9) to base 14
-8
What is -3 (base 6) in base 12?
-3
What is -133 (base 4) in base 15?
-21
Convert 22 (base 11) to base 14.
1a
What is 2 (base 16) in base 2?
10
What is -107 (base 13) in base 16?
-b0
2 (base 5) to base 4
2
Convert -2 (base 4) to base 2.
-10
2 (base 9) to base 15
2
What is 2d (base 15) in base 8?
53
What is -4 (base 15) in base 14?
-4
5 (base 10) to base 12
5
5a (base 13) to base 4
1023
-5 (base 13) to base 12
-5
What is -1034 (base 5) in base 4?
-2100
101 (base 6) to base 7
52
Convert 321 (base 7) to base 4.
2202
What is -2332 (base 5) in base 14?
-1a6
Convert -6 (base 8) to base 4.
-12
2 (base 14) to base 4
2
-4 (base 12) to base 3
-11
What is 1 (base 8) in base 7?
1
Convert -320 (base 5) to base 7.
-151
10 (base 9) to base 12
9
Convert 220 (base 5) to base 7.
114
Convert 3 (base 12) to base 7.
3
What is -2312 (base 4) in base 2?
-10110110
Convert -5 (base 13) to base 10.
-5
Convert 24 (base 16) to base 10.
36
144 